-1
What is -16 - (5 + -13) - -3?
-5
Calculate (1 - -7) + (4 - 0) + -5.
7
What is 0 + 2 + (10 - 4) + -5?
3
What is the value of (0 - (1 - -1)) + (-12 - -9)?
-5
What is -8 - (1 + -4) - (11 - 16)?
0
What is (1 - -1) + 3 + -2 + 1?
4
Calculate -1 + -1 + 1 - 2.
-3
What is (-18 - (0 - 3)) + (-1 - -7)?
-9
(-10 - -7) + 0 - -4
1
Calculate -3 + 3 - (4 - (14 + -5)).
5
Evaluate 2 + (7 - 11 - 3).
-5
What is -7 + (-6 - -15) - 5?
-3
-4 - 1 - (7 - 20 - -4)
4
What is the value of -8 - (1 - 5 - -1)?
-5
-1 + -1 + -5 + (52 - 52)
-7
What is the value of -1 - (-7 + 8) - (1 - 8)?
5
Evaluate 9 + -22 - (0 + -2) - -6.
-5
What is (-2 - (0 - 2)) + 14 + -9?
5
Evaluate (2 - 4 - -3) + 0.
1
What is the value of 9 - 6 - ((8 - 2) + -1)?
-2
What is the value of 0 - (3 + -7 - (-7 + -2))?
-5
Evaluate 2 + 1 - 2 - (0 - 3).
4
Calculate 5 + -8 + -1 + 0 - 0.
-4
4 - (-2 + 0 - -4)
2
What is 4 + -9 + -1 + (6 - 1)?
-1
1 + -5 + -3 + (11 - 4)
0
What is -1 + -2 + 2 - (27 + -30)?
2
What is the value of 11 + -1 + (-2 - 2) + -5?
1
Calculate -1 + (-2 + 1 - 3).
-5
Evaluate -36 - -37 - (-2 - -6).
-3
What is the value of (7 - 0) + (6 - 0) + -10?
3
Calculate (3 - 0) + 6 + -5.
4
-8 + (6 - -8) - (2 - 1)
5
-6 - -7 - (2 + 2) - 2
-5
12 - (6 + -2 + -2)
10
Calculate (-4 - -2) + 0 + 1.
-1
What is -1 + 0 - (22 + -22)?
-1
Calculate -1 - 0 - (4 + 0 + -1).
-4
What is 3 + -8 - (-7 - 4) - 12?
-6
What is the value of 7 + -5 + (-3 - -5)?
4
What is the value of (2 - -3) + (-2 + -1 - 1)?
1
What is the value of 5 - 12 - (11 + -23)?
5
Calculate (0 - -8) + (12 + 10 - 23).
7
Evaluate 8 - ((11 - (-7 - -8)) + 4).
-6
-1 + 6 + 2 + -3 + -2
2
What is -7 + -7 + 15 - (-5 + -2)?
8
What is (8 + (-10 - -5) - 3) + 0?
0
Evaluate 11 - 8 - ((1 - -2) + 0).
0
Calculate -5 - ((-4 - -3) + 1).
-5
What is -3 + 8 + -11 + 8?
2
(12 - 8) + 6 - 7
3
Calculate 6 - (22 - -4 - 6 - 5).
-9
Calculate 10 + -12 + (9 - 0).
7
What is the value of -5 - (3 + -10) - 4?
-2
What is the value of (15 + -4 - 7) + -1?
3
Evaluate 65 - 62 - (-5 - 0) - 6.
2
4 + -1 + (-3 - -5)
5
(3 - ((2 - 0) + -3)) + 0
4
What is 0 + -10 + 0 - (97 + -102)?
-5
Evaluate -5 - (2 - (9 + -5 + -1)).
-4
What is 0 - (6 + 0 + -2 - 1)?
-3
What is the value of (7 - 1) + (-77 - -69)?
-2
Evaluate 0 - (-11 - (-6 - -1)).
6
What is the value of (5 - 0) + 0 + -3 + 0?
2
3 + (0 + 5 - (8 + -4))
4
Evaluate 0 + -1 + 8 - (12 - -2).
-7
Calculate (-2 - (3 + -10 + 4)) + -1.
0
Calculate -9 + 5 + 5 + 6.
7
-1 - 5 - (9 - 16)
1
What is the value of -38 + 31 + (4 - -1)?
-2
(12 - 18) + (1 - -1) + 1
-3
(1 - (2 + -2)) + -3 + 4
2
What is 10 + (-4 - (-2 + -3) - 5)?
6
1 + (-13 + 6 - -11)
5
What is the value of 5 + (-1 - (2 + 4))?
-2
What is (5 - (-3 + 2)) + -5?
1
Evaluate 4 + (2 - (-6 - -7)).
5
-8 + (-9 + 30 - 14)
-1
Evaluate 14 + (-1 - 11) + (1 - -2).
5
What is the value of (9 - -5) + -8 - 1?
5
What is -1 - (3 + -6) - (-12 + 21)?
-7
What is 5 + -2 + -4 - 1?
-2
Calculate 8 + (-4 - (0 + -3)) + -14.
-7
(-2 - -4 - 1) + (-3 - 0)
-2
What is -5 + 6 - -3 - (1 + 1)?
2
What is the value of 0 + -3 + 9 + (2 - 5)?
3
10 + 3 - (37 - 25)
1
What is -5 + 2 + -2 + 4?
-1
What is 5 + 0 + -6 + 4?
3
Calculate -6 + 3 + 3 + -3 + -1.
-4
Evaluate 2 + -4 + 8 - (6 - 3).
3
-1 - -3 - -1 - (7 + -1)
-3
Evaluate (1 - -2 - 2) + (-18 - -17).
0
-1 + -3 + -3 + (6 - 1)
-2
0 + 8 - (4 + -5 + 4)
5
What is -13 + 6 + -2 + -4 + 8?
-5
Calculate -5 + 7 + (4 - 7).
-1
Evaluate -2 - (2 - (-8 + 11)).
-1
Calculate 5 + (-19 - -1 - (-2 - 1)).
-10
Calculate (-5 - ((-2 - 2) + 5)) + 4.
-2
Calculate 3 - (2 - (-3 - -5)).
3
3 - (-3 - (3 + -9))
0
-1 - (-4 - (-1 + -2))
0
What is 2 - (6 - 3) - (-5 + 1)?
3
What is the value of -3 - -6 - (4 - 2) - -2?
3
What is -1 + 0 + (5 - 7) + 8?
5
What is the value of -5 + 0 + (-1 - (2 - 6))?
-2
Evaluate 1 + (4 - 3 - -3) - -1.
6
What is -2 + 1 + (-10 - (13 - 18))?
-6
Calculate -11 - -10 - (-2 + -6).
7
What is the value of -40 + 38 - (-2 - 0)?
0
What is the value of 2 - (-1 + 2 + 5)?
-4
What is the value of (6 - (4 - -6)) + (1 - -5)?
2
Evaluate (1 - 3) + 8 + -2.
4
Evaluate (-7 - (2 + -2)) + 5 + 0.
-2
Calculate 7 - (1 - -2) - (7 - 2).
-1
What is 0 - (8 - 6 - 7)?
5
Calculate (0 - -9) + (1 - 4).
6
What is the value of -83 + 81 - (-1 + (0 - -1))?
-2
What is the value of 10 + -10 + -3 + 1?
-2
What is the value of 4 + (-1 - (3 + (6 - 12)))?
6
4 + (2 - (9 + -3))
0
What is (12 - 4 - 1) + -8?
-1
Evaluate (-7 - -2 - -5) + -2.
-2
Calculate 7 - (9 - (-14 + 15)).
-1
Evaluate -11 + 0 - (-12 + 3).
-2
What is the value of -3 - (-2 + -4) - 7?
-4
Calculate -1 - ((0 - -1) + -3).
1
16 + (2 - 8) + -2 + 2
10
Evaluate -8 + 14 - 5 - (3 + -10).
8
What is -8 + (-3 - (-2 + -4))?
-5
7 + (-2 + 0 - -2) + -2
5
What is the value of -1 + (6 - 0) + (110 - 115)?
0
What is 2 + (-5 + 5 - 2)?
0
Evaluate 5 + -2 + 5 + -5 + 1.
4
Evaluate 3 + -3 + (-2 - -1).
-1
What is the value of -4 + -5 + 11 + 2 + -8?
-4
What is the value of (1 - (-2 + 6)) + -3 + 1?
-5
Evaluate -8 + (0 - -9) + 4.
5
Evaluate 10 + -6 + -1 + -8.
-5
Calculate (29 - 14 - (2 + 2)) + -6.
5
-5 + 13 + -2 + (-5 - -4)
5
Calculate (1 - -1 - -1) + 4 + -6.
1
(9 - -8) + -7 - 7
3
-5 - (-8 + 2 + -1)
2
(-2 + 0 - -6) + 2 - 0
6
Evaluate -3 + 2 + -1 + 5.
3
What is the value of 6 + -5 - (9 - 6)?
-2
Evaluate 2 - (-2 - -4 - 1).
1
1 - 5 - (-45 - -39)
2
Calculate -5 + (-2 + -3 - -6).
-4
What is 3 - (-2 + 3 - -2)?
0
Calculate -3 + -18 + (48 - 34).
-7
Evaluate 12 + -5 + -13 + 9.
3
What is (2 - 0) + (1 - -1 - 1)?
3
Evaluate 0 - 0 - (3 + (-1 - -1)).
-3
Evaluate (-12 + 1 - 0) + -15 + 20.
-6
What is 12 - 15 - (-13 + 3 - -2)?
5
What is 4 + -1 + 1 - (1 - -1)?
2
What is the value of 39 - 31 - (-1 + 4)?
5
Evaluate (-6 + -4 - -12) + -9.
-7
Evaluate 11 - (1 + -4 + 15).
-1
What is the value of -6 + 6 + -2 + -5?
-7
Evaluate (-2 - 1) + -3 + 7 + -3.
-2
Calculate (4 - 1) + 3 + 1 + -5.
2
What is the value of 2 - (-27 - -30 - (-1 + 5))?
3
Evaluate -16 + 16 - (6 - 11).
5
Calculate (-1 - (-8 - -1)) + -90 + 84.
0
Calculate (-17 - -7) + 8 + 0.
-2
What is the value of -7 + (-6 - -11) - (6 + -2)?
-6
What is the value of 1 - (6 - (4 - 1))?
-2
What is the value of -4 - ((9 - 0) + -12)?
-1
7 + -12 + -1 + 8 + -1
1
-1 + (1 - 2) - (14 - 9)
-7
6 - (15 - (8 - 2))
-3
What is 4 - (2 + (5 - 2))?
-1
What is -1 + (-4 - -2) - (1 - 4)?
0
Calculate 8 + (-7 - -8) - 6.
3
Calculate -4 - -6 - 2 - (1 + 1).
-2
What is 4 + 1 - (11 + -11)?
5
Evaluate -2 + -3 - (5 + -9 + 7).
-8
What is the value of (3 - 2) + (-1 + 6 - 0)?
6
-3 + (5 - -1) - (2 - 0)
1
Evaluate -6 - -3 - -4 - (-1 - -1).
1
What is -1 - (-7 - (0 - 0))?
6
Calculate 4 + -4 + 2 + (2 - 2).
2
What is the value of (-8 - 0) + 8 - -8?
8
What is -4 + 4 - (6 + -1)?
-5
Calculate 8 + (-2 - (0 + 4) - -4).
6
6 + -3 - -1 - (4 + 0)
0
Calculate -2 + (-2 - -2 - -2).
0
What is the value of 10 - 3 - 13 - (0 + -2)?
-4
What is the value of -7 + (9 - (-9 + 8))?
3
Evaluate -8 - (-13 + (17 - 9)).
-3
What is 8 + -16 - -11 - (1 + 5)?
-3
What is -1 + (4 - 2) - 0?
1
Calculate 16 + (-4 - 1) + -5 + -4.
2
0 - (-7 + (4 - (1 - 0)))
4
(5 - (9 + -3)) + -1 + 3
1
-4 - (0 + -5 - 1)
2
Calculate -7 + (-1 - (-9 - (-5 - -4))).
0
Evaluate (1 - -3) + -7 + (3 - 0).
0
Evaluate (3 - 6 - 4) + 0 + 2.
-5
Evaluate 4 + 1 + -4 + 4 + -3.
2
Calculate -5 + 12 + (2 - 19).
-10
What is the value of (0 - (6 + -6)) + 0?
0
Calculate (2 - (1 + (3 - 6))) + -1.
3
Calculate 64 + -59 + (3 - 1).
7
What is the value of 9 + (9 - (22 - -1))?
-5
What is 5 - ((4 - -14) + -3)?
-10
What is -1 - (-12 + 9 + 0 + 1)?
1
What is 12 + -13 - (0 - -4)?
-5
Evaluate -1 - (6 + -2 - (8 + 0)).
3
What is the value of -4 + (-7 + 23 - 7)?
5
Evaluate 16 + (-8 - -4) + -2 + -9.
1
-3 - -3 - (5 + -9)
4
52 + -53 + 1 + 2 + 4
6
What is (0 - 8) + 8 + 3?
3
-5 - (-4 - (0 + -2))
-3
What is the value of (8 - (-4 + 5)) + -2?
5
-303 + 310 + -1 + (1 - -2)
9
Calculate (2 - (3 + 2)) + -2 + 0.
-5
What is 4 + -1 - (-34 - -38)?
-1
Calculate (9 - (4 - -19)) + (8 - 1).
-7
What is the value of 2 + -8 + (-2 - -2) + 2?
-4
What is 4 - (-9 + 3 + 1 + 5)?
4
Calculate -3 + 3 + 1 + (3 - 7).
-3
What is -3 - (-3 + 1 + 3)?
-4
Calculate -4 + -1 + (12 + -4 - 5).
-2
Calculate 0 + (-13 - -8) + (1 - 0).
-4
What is 0 - (1 + -7) - 3?
3
1 + -11 + -21 + 36
5
Calculate -2 - 1 - (-20 + 11).
6
What is 1 + -4 - (8 + -16 + 7)?
-2
Calculate (-6 - (-1 + -2)) + -2 + 7.
2
What is (-5 - -1 - -12 - 2) + -4?
2
(-178 - -185) + (-18 - 0)
-11
What is the value of 0 - -3 - (47 + -